e factors of 8956.
2, 2239
List the prime factors of 51742.
2, 41, 631
What are the prime factors of 15061?
15061
List the prime factors of 651.
3, 7, 31
List the prime factors of 53370.
2, 3, 5, 593
What are the prime factors of 2171?
13, 167
List the prime factors of 1264.
2, 79
What are the prime factors of 878?
2, 439
List the prime factors of 53474.
2, 26737
List the prime factors of 33823.
149, 227
What are the prime factors of 35505?
3, 5, 263
What are the prime factors of 16529?
16529
What are the prime factors of 407?
11, 37
List the prime factors of 126964.
2, 31741
List the prime factors of 3379.
31, 109
What are the prime factors of 3485?
5, 17, 41
What are the prime factors of 1037?
17, 61
List the prime factors of 9271.
73, 127
What are the prime factors of 14629?
14629
List the prime factors of 7145.
5, 1429
What are the prime factors of 765?
3, 5, 17
What are the prime factors of 260?
2, 5, 13
What are the prime factors of 2100?
2, 3, 5, 7
What are the prime factors of 482?
2, 241
What are the prime factors of 1376?
2, 43
What are the prime factors of 2817?
3, 313
List the prime factors of 3432.
2, 3, 11, 13
List the prime factors of 35729.
35729
List the prime factors of 2122.
2, 1061
What are the prime factors of 2244?
2, 3, 11, 17
What are the prime factors of 21658?
2, 7, 13, 17
What are the prime factors of 680?
2, 5, 17
List the prime factors of 147.
3, 7
What are the prime factors of 21015?
3, 5, 467
What are the prime factors of 110762?
2, 55381
List the prime factors of 2423.
2423
List the prime factors of 135.
3, 5
What are the prime factors of 25321?
25321
What are the prime factors of 26784?
2, 3, 31
List the prime factors of 351.
3, 13
What are the prime factors of 4358?
2, 2179
List the prime factors of 2007.
3, 223
List the prime factors of 3097.
19, 163
What are the prime factors of 1065?
3, 5, 71
List the prime factors of 1293.
3, 431
List the prime factors of 515.
5, 103
What are the prime factors of 18184?
2, 2273
List the prime factors of 5283.
3, 587
What are the prime factors of 116?
2, 29
List the prime factors of 965.
5, 193
List the prime factors of 11203.
17, 659
What are the prime factors of 1025?
5, 41
What are the prime factors of 2358?
2, 3, 131
What are the prime factors of 24064?
2, 47
What are the prime factors of 1292?
2, 17, 19
What are the prime factors of 85548?
2, 3, 7129
List the prime factors of 46005.
3, 5, 3067
List the prime factors of 1560.
2, 3, 5, 13
List the prime factors of 16560.
2, 3, 5, 23
What are the prime factors of 430?
2, 5, 43
What are the prime factors of 7224?
2, 3, 7, 43
What are the prime factors of 729?
3
List the prime factors of 3272.
2, 409
List the prime factors of 3981.
3, 1327
What are the prime factors of 14284?
2, 3571
What are the prime factors of 17109?
3, 1901
What are the prime factors of 1447?
1447
What are the prime factors of 43?
43
List the prime factors of 987.
3, 7, 47
What are the prime factors of 2318?
2, 19, 61
List the prime factors of 516.
2, 3, 43
List the prime factors of 3135.
3, 5, 11, 19
What are the prime factors of 35646?
2, 3, 13, 457
What are the prime factors of 123494?
2, 7, 8821
List the prime factors of 1138.
2, 569
List the prime factors of 8189.
19, 431
What are the prime factors of 4118?
2, 29, 71
List the prime factors of 6400.
2, 5
List the prime factors of 6969.
3, 23, 101
List the prime factors of 36290.
2, 5, 19, 191
What are the prime factors of 34064?
2, 2129
List the prime factors of 210.
2, 3, 5, 7
What are the prime factors of 219?
3, 73
What are the prime factors of 16323?
3, 5441
List the prime factors of 5615.
5, 1123
List the prime factors of 152.
2, 19
List the prime factors of 80.
2, 5
What are the prime factors of 31456?
2, 983
What are the prime factors of 27002?
2, 23, 587
List the prime factors of 484.
2, 11
What are the prime factors of 2337?
3, 19, 41
List the prime factors of 1165.
5, 233
List the prime factors of 6053.
6053
What are the prime factors of 83203?
83203
What are the prime factors of 954?
2, 3, 53
List the prime factors of 38442.
2, 3, 43, 149
What are the prime factors of 20763?
3, 769
List the prime factors of 59739.
3, 19913
What are the prime factors of 1775?
5, 71
List the prime factors of 1589.
7, 227
What are the prime factors of 2082?
2, 3, 347
What are the prime factors of 68589?
3, 7621
List the prime factors of 18156.
2, 3, 17, 89
List the prime factors of 15427.
15427
List the prime factors of 8010.
2, 3, 5, 89
What are the prime factors of 12267?
3, 29, 47
List the prime factors of 49527.
3, 5503
What are the prime factors of 56920?
2, 5, 1423
What are the prime factors of 20945?
5, 59, 71
What are the prime factors of 3750?
2, 3, 5
What are the prime factors of 11699?
11699
What are the prime factors of 713?
23, 31
What are the prime factors of 11796?
2, 3, 983
What are the prime factors of 3556?
2, 7, 127
List the prime factors of 340.
2, 5, 17
List the prime factors of 45201.
3, 13, 19, 61
List the prime factors of 80714.
2, 40357
List the prime factors of 2993.
41, 73
List the prime factors of 2037.
3, 7, 97
List the prime factors of 68865.
3, 5, 4591
What are the prime factors of 268?
2, 67
What are the prime factors of 69744?
2, 3, 1453
List the prime factors of 108564.
2, 3, 83, 109
List the prime factors of 1698.
2, 3, 283
What are the prime factors of 1819?
17, 107
What are the prime factors of 5283?
3, 587
List the prime factors of 3350.
2, 5, 67
What are the prime factors of 1086?
2, 3, 181
List the prime factors of 1183.
7, 13
List the prime factors of 2403.
3, 89
What are the prime factors of 32649?
3, 10883
What are the prime factors of 1569?
3, 523
What are the prime factors of 5120?
2, 5
List the prime factors of 17504.
2, 547
List the prime factors of 17523.
3, 11, 59
List the prime factors of 737.
11, 67
List the prime factors of 2599.
23, 113
What are the prime factors of 1762?
2, 881
List the prime factors of 42108.
2, 3, 11, 29
What are the prime factors of 793?
13, 61
List the prime factors of 1564.
2, 17, 23
What are the prime factors of 22203?
3, 2467
List the prime factors of 226.
2, 113
List the prime factors of 40598.
2, 53, 383
What are the prime factors of 3704?
2, 463
List the prime factors of 4692.
2, 3, 17, 23
What are the prime factors of 486?
2, 3
List the prime factors of 701.
701
List the prime factors of 138624.
2, 3, 19
List the prime factors of 4506.
2, 3, 751
List the prime factors of 2671.
2671
What are the prime factors of 30503?
11, 47, 59
List the prime factors of 7975.
5, 11, 29
List the prime factors of 2023.
7, 17
What are the prime factors of 1558?
2, 19, 41
List the prime factors of 2791.
2791
What are the prime factors of 78730?
2, 5, 7873
What are the prime factors of 9103?
9103
List the prime factors of 627.
3, 11, 19
What are the prime factors of 10858?
2, 61, 89
What are the prime factors of 1842?
2, 3, 307
List the prime factors of 1962.
2, 3, 109
What are the prime factors of 9438?
2, 3, 11, 13
List the prime factors of 14598.
2, 3, 811
What are the prime factors of 348?
2, 3, 29
What are the prime factors of 877?
877
What are the prime factors of 240?
2, 3, 5
List the prime factors of 5952.
2, 3, 31
List the prime factors of 14600.
2, 5, 73
What are the prime factors of 42387?
3, 71, 199
List the prime factors of 58238.
2, 37, 787
List the prime factors of 3400.
2, 5, 17
List the prime factors of 8119.
23, 353
What are the prime factors of 611?
13, 47
List the prime factors of 419.
419
What are the prime factors of 3484?
2, 13, 67
What are the prime factors of 94506?
2, 3, 19, 829
What are the prime factors of 33575?
5, 17, 79
What are the prime factors of 2766?
2, 3, 461
What are the prime factors of 20983?
20983
List the prime factors of 38789.
79, 491
List the prime factors of 1193.
1193
What are the prime factors of 727?
727
List the prime factors of 1100.
2, 5, 11
What are the prime factors of 19949?
19949
List the prime factors of 3042.
2, 3, 13
What are the prime factors of 8748?
2, 3
List the prime factors of 1993.
1993
List the prime factors of 7324.
2, 1831
List the prime factors of 22862.
2, 7, 23, 71
List the prime factors of 373.
373
What are the prime factors of 34393?
163, 211
List the prime factors of 15